the highest common divisor of 32 and v?
8
Suppose 201 + 429 = 7*p. What is the highest common factor of 10 and p?
10
Let k be 5/(-15)*-3*46. What is the greatest common factor of k and 230?
46
Let h(u) = -u - 3. Let m = 7 - 11. Let n be h(m). Let x(p) = p**3 + 5*p**2 + 2*p - 3. Let s be x(-4). What is the highest common divisor of n and s?
1
Suppose 0 = -b + 6*b - 35. Let x = b + -2. Calculate the greatest common divisor of 20 and x.
5
Let b(h) = h**3 + 5*h**2 + 5*h + 8. Let n be b(-4). Calculate the highest common divisor of n and 2.
2
Suppose -3*s + 5*s = r + 56, -146 = -5*s + r. Let g(v) = -2*v**2 + 3*v**2 + v - 3 + 6. Let m be g(3). Calculate the highest common divisor of s and m.
15
Let a(r) = r**2 + r + 1. Let y(o) = o + o - 4*o**2 - 3*o - 3. Let g(d) = 6*a(d) + y(d). Let p be g(4). What is the highest common divisor of p and 5?
5
Suppose -3*q = 2*y - 7*q - 50, -38 = -2*y + q. Calculate the greatest common factor of y and 136.
17
Let a = 7 - 11. Let r be 1/((-4)/240*a). What is the highest common factor of r and 30?
15
Let v be (-3)/(12/(-64)) - 1. Calculate the greatest common factor of v and 6.
3
Suppose -3*r + 7*r - 10 = 5*b, -2*b = 4*r - 24. What is the highest common divisor of b and 14?
2
Let h(z) = 0 - 9*z + 3 + 41*z + 4. Let n be h(7). Calculate the highest common divisor of 21 and n.
21
Suppose -4*q = 3*f - 0*q + 36, -f - 12 = 4*q. Let v = f + 29. What is the highest common factor of v and 17?
17
Suppose -t + 4*t = -408. Let y = t + 199. Suppose 0 = s + 5*a + 3, 6*a + 36 = 4*s + 2*a. What is the highest common factor of y and s?
7
Let q = 2 + -28. Let w be 4/q - 262/(-13). What is the greatest common divisor of w and 100?
20
Suppose 2*q = q + 664. Suppose 7*v - q = 3*v - 2*w, -654 = -4*v + 3*w. What is the greatest common divisor of 15 and v?
15
Suppose -4*y + 5*u + 241 = 2*u, 52 = y + 2*u. Suppose -4*b = 2*z - 14, y = 5*z - b + 1. Suppose 0*i + 132 = 6*i. What is the highest common factor of i and z?
11
Let k(m) = m**2 + 3*m - 3. Let r be k(3). Let x = r - 11. Suppose 0 = -8*d + x*d + 36. Calculate the greatest common divisor of 9 and d.
9
Suppose -6*s + 5 = -s. Let a be (-1)/s - (0 - 1). Suppose 3*i - 3*o - 48 = a, 0 = -4*i + i + 5*o + 48. Calculate the highest common factor of 144 and i.
16
Suppose -3*s = 53 + 109. Let h be ((-5)/(-15))/((-2)/s). What is the greatest common divisor of 6 and h?
3
Let a = -8 - -21. Let j(c) = c**3 - 13*c**2 - c + 16. Let x be j(a). Let n be -3*(-44)/18*x. Calculate the highest common factor of 55 and n.
11
Suppose -d + 0*d + 11 = 0. What is the greatest common factor of d and 33?
11
Suppose z + 156 = 4*z. What is the highest common factor of 13 and z?
13
Suppose 5*p = -4*d + 140, 2*p = -0*p + 4*d + 28. Suppose -3*v + 30 = h, -10 = -2*v - 3*v. Calculate the highest common divisor of p and h.
24
Let g(l) = 2*l**2 + 7. Let x(r) = -r**3 - 2*r**2 + 2*r + 2. Let y be x(-3). Let f be g(y). Calculate the greatest common divisor of f and 19.
19
Let g(u) = -u**2 - 7*u - 5. Let y be g(-6). Suppose 2 + y = t. What is the highest common divisor of 6 and t?
3
Suppose 18 = -3*b + 4*f, 2*b + 13 = -2*f + 5*f. Let t be -2 + 0 + b/2. Let x be t*2/(-4)*2. What is the greatest common factor of x and 12?
3
Suppose -2*h = -6*h - d + 191, 0 = -h - 3*d + 45. What is the highest common divisor of 144 and h?
48
Let y(f) be the second derivative of f**3/3 - f**2 + 3*f. Let p be y(7). Calculate the highest common divisor of p and 36.
12
Suppose -9*b = 16 - 124. Calculate the greatest common factor of 4 and b.
4
Let f be (-4)/(-6) - (-91)/21. Suppose 20 = -f*i, n + 8 = -0*n - 2*i. Suppose -7*d + 2*d + 5 = n, -d = 4*y - 37. What is the greatest common factor of 27 and y?
9
Let n be ((-8)/4)/((-1)/24). Suppose n + 182 = 5*s. Let c = s + 14. What is the highest common divisor of 15 and c?
15
Suppose -j - 81 = -4*j. Suppose -j = -2*t - 2*z - 11, 4*t + 13 = 5*z. What is the greatest common factor of t and 33?
3
Let h(p) = -p + 10. Let w be h(-9). Calculate the greatest common factor of w and 95.
19
Suppose -g = -v + 19, -2*g - 33 = -3*v + 2*v. Let w(p) = 4*p + 1. Let d be w(5). Let b = g + d. What is the highest common factor of b and 63?
7
Suppose 4*d + 2*n = 22, 2*n + n - 17 = -4*d. Calculate the greatest common divisor of 56 and d.
8
Let y(n) = -n**3 + 25*n**2 - 18*n + 24. Let g be y(24). What is the greatest common factor of 24 and g?
24
Let k = -3 - -11. Let s = k + 24. Suppose 3*r + 2*p = 16, r - 2*p - 2*p + 4 = 0. What is the highest common factor of r and s?
4
Let l be 9*((-132)/(-18) - 4). Let o(z) = -5*z - 5. Let t be o(-5). What is the greatest common divisor of t and l?
10
Let k(d) = -d**3 - 7*d**2 - 5*d + 7. Suppose -3*j = j + 24. Let i be k(j). Let v be 36*1/(i/2). What is the highest common factor of 9 and v?
9
Suppose 2*y = -11 - 21. Let b be 7/2 - 8/y. What is the greatest common factor of 28 and b?
4
Let s = 31 + -58. Let g be (-114)/s + (-2)/9. Let a(f) = 17*f**2 + f. Let n be a(-1). Calculate the highest common divisor of n and g.
4
Let s be 1/(-4) + 3/(-4). Let t = -1 - s. Let j be (-1 + 0 + t)*-1. What is the greatest common divisor of 9 and j?
1
Let y be (6/10)/(5/25). Suppose 0 = -5*g - 3*j + 5 + y, -3*j + 1 = -2*g. Suppose -2*c + g + 5 = 0. What is the highest common divisor of 27 and c?
3
Suppose 3*y + 5*j + 17 = 3*j, 5*j = -y + 3. Let w be -3 + 6 + y - 0. Let b be 3/(((-5)/w)/5). What is the greatest common factor of b and 12?
12
Let s = -100 + 156. What is the highest common factor of s and 84?
28
Suppose 0 = -2*c + 4*q + 42, -3*c + 2*q = -26 - 17. What is the greatest common factor of 33 and c?
11
Let f(o) = -o**3 + 7*o**2 - 6*o - 4. Let i be f(6). Let y(c) = 2*c**2 - c. Let j be y(i). Calculate the highest common factor of j and 54.
18
Let y(u) = u + 9. Let n be y(-12). Let o be 3 - (-2 - -2 - n). Suppose o = -2*v - 1 + 5. Calculate the highest common divisor of v and 6.
2
Suppose 3*w - 4*w + 63 = 0. What is the greatest common divisor of w and 9?
9
Suppose n = -n - 2*x - 4, x - 2 = -3*n. Let q be n/(-8) + (-9)/(-4). What is the highest common factor of 2 and q?
2
Suppose -53 = -2*f + 27. Calculate the highest common factor of 10 and f.
10
Let q be (3 + (-3)/3)*3. Suppose -2*d + q = -8. What is the greatest common factor of d and 7?
7
Let z(t) = t**2 + 4*t + 10. Let u be z(-4). Let m be (-123)/(-5) + 4/10. What is the greatest common factor of u and m?
5
Let r(y) = -4*y**2 + 14*y**2 + 0*y**2. Let l be r(-1). Let w = 125 - 75. What is the greatest common divisor of l and w?
10
Let p(y) = -y**2 - 15*y + 5. Let t be p(-15). Calculate the greatest common factor of 80 and t.
5
Suppose 10 = s - 3*s. Let n(z) = -z**3 - 4*z**2 + 2*z - 7. Let r be n(s). Suppose -2*l - r + 98 = 0. What is the greatest common factor of 9 and l?
9
Suppose -5*i + c = 4*c - 13, 5*i - c = 9. Let y = 18 + 3. Suppose n = i*n - y. Calculate the highest common factor of 14 and n.
7
Suppose -3*c + a - 5*a + 24 = 0, 0 = 2*c + 5*a - 23. Suppose -4*o + 125 = -51. What is the highest common divisor of o and c?
4
Suppose g + 4 = 2*g. Suppose 0 = -g*m + 3*r + 29, 0 = m - 2*m + r + 8. What is the highest common divisor of 25 and m?
5
Suppose -2*w = 1 - 61. What is the highest common divisor of w and 90?
30
Let i be 2248/20 - (-6)/(-15). Suppose 0 = 4*o - 8*o + 184. Let w = o - 32. What is the greatest common divisor of w and i?
14
Let q be -4*(13/(-2) - -2). Suppose -66 = -4*r + q. Suppose y = -4*y + 70. What is the greatest common divisor of r and y?
7
Let r = -96 + 180. Suppose -v + 15 = -2*a - 49, v - 36 = -5*a. Calculate the highest common factor of r and v.
28
Let p = 341 + -188. Suppose 24 = 2*n + 2*t, -3*n + 2*n + 4*t + 37 = 0. What is the highest common divisor of n and p?
17
Suppose -23*c + 16*c + 77 = 0. Calculate the highest common divisor of 88 and c.
11
Suppose 5*n - 594 - 888 = -3*u, 2*u = -n + 295. What is the greatest common divisor of 33 and n?
33
Suppose -18 = -2*s + 16. Let f = 27 - s. Calculate the highest common divisor of 2 and f.
2
Let p(q) = q**2 + 18*q + 21. Let d be p(-21). Calculate the greatest common factor of 12 and d.
12
Let t be (-4 - -20) + -1 - 1*3. What is the highest common factor of t and 12?
12
Let r = 3 - -3. Let k be ((-9)/r)/(2/(-4)). Suppose -1 = k*a - 10. Calculate the highest common divisor of 